t are the prime factors of 142049111?
19, 1489, 5021
What are the prime factors of 30045761?
509, 59029
List the prime factors of 35104471.
29, 1210499
What are the prime factors of 4190299259?
173, 24221383
List the prime factors of 122514448.
2, 7, 173, 6323
List the prime factors of 421360480.
2, 5, 887, 2969
List the prime factors of 43000447.
7, 101, 60821
What are the prime factors of 182690637?
3, 929, 65551
List the prime factors of 787608972.
2, 3, 73, 299699
List the prime factors of 210696092.
2, 19, 2772317
List the prime factors of 2307968825.
5, 2237, 41269
What are the prime factors of 48222670?
2, 5, 31, 155557
What are the prime factors of 2624627665?
5, 11, 79, 604057
What are the prime factors of 15246452?
2, 13, 293201
List the prime factors of 4549048321.
173, 4801, 5477
List the prime factors of 1453660672.
2, 79, 83, 433
What are the prime factors of 2744171202?
2, 3, 3011, 151897
What are the prime factors of 61079073?
3, 11, 293, 6317
What are the prime factors of 281655145?
5, 19, 79, 37529
What are the prime factors of 33021188?
2, 557, 14821
What are the prime factors of 179154651?
3, 13, 4593709
List the prime factors of 378647002.
2, 197, 961033
List the prime factors of 1026384257.
97, 10581281
List the prime factors of 729522257.
23, 409, 77551
List the prime factors of 59081699.
43, 1129, 1217
List the prime factors of 157549079.
821, 191899
List the prime factors of 199801720.
2, 5, 19, 262897
What are the prime factors of 675860338?
2, 337930169
What are the prime factors of 5495281733?
53, 97, 1068913
List the prime factors of 905655432.
2, 3, 11, 3430513
What are the prime factors of 32583437?
113, 288349
What are the prime factors of 5236897?
5236897
What are the prime factors of 630390072?
2, 3, 13, 23, 107, 821
List the prime factors of 55882106.
2, 7, 3991579
List the prime factors of 161221094.
2, 80610547
What are the prime factors of 330770489?
7, 47252927
List the prime factors of 3664742349.
3, 67, 18232549
What are the prime factors of 3124280277?
3, 59, 181, 32507
What are the prime factors of 1746272716?
2, 613, 712183
What are the prime factors of 1899825462?
2, 3, 1559, 22567
What are the prime factors of 7439960864?
2, 7, 67, 151
What are the prime factors of 1021159689?
3, 11, 17, 1820249
List the prime factors of 243406202.
2, 13, 37, 421, 601
List the prime factors of 239648036.
2, 59912009
List the prime factors of 167518542.
2, 3, 27919757
List the prime factors of 3985236767.
823, 4842329
What are the prime factors of 82606099?
7877, 10487
What are the prime factors of 67998983?
13, 5230691
What are the prime factors of 57926334?
2, 3, 587, 16447
What are the prime factors of 335289392?
2, 20955587
What are the prime factors of 95581053?
3, 1180013
What are the prime factors of 744097806?
2, 3, 13779589
What are the prime factors of 47013421?
7, 13, 37, 13963
List the prime factors of 5237600592.
2, 3, 7, 479, 4649
What are the prime factors of 144301881?
3, 53, 149, 6091
List the prime factors of 5710743772.
2, 1427685943
What are the prime factors of 463054810?
2, 5, 47, 353, 2791
List the prime factors of 36818594.
2, 503, 36599
List the prime factors of 305918987.
11, 27810817
What are the prime factors of 1254858672?
2, 3, 17, 31, 113, 439
List the prime factors of 12668881.
12668881
What are the prime factors of 4649348500?
2, 5, 9298697
What are the prime factors of 188977172?
2, 139, 339887
List the prime factors of 518536316.
2, 67, 1934837
What are the prime factors of 367857661?
9791, 37571
What are the prime factors of 81475294?
2, 227, 179461
List the prime factors of 82263076.
2, 7, 2937967
List the prime factors of 5036429402.
2, 1783, 1412347
List the prime factors of 95061416.
2, 17, 409, 1709
List the prime factors of 154149931.
13, 17, 697511
List the prime factors of 3445652194.
2, 1722826097
List the prime factors of 8401394814.
2, 3, 1061, 1319729
List the prime factors of 36474061.
13, 17, 165041
What are the prime factors of 40906421?
107, 382303
List the prime factors of 74383125.
3, 5, 39671
List the prime factors of 20996987.
11, 1908817
What are the prime factors of 2672403499?
2672403499
What are the prime factors of 3883157945?
5, 331, 1381, 1699
What are the prime factors of 372395425?
5, 14895817
What are the prime factors of 389962208?
2, 12186319
List the prime factors of 860512208.
2, 163, 329951
What are the prime factors of 692837240?
2, 5, 17320931
What are the prime factors of 2220606?
2, 3, 19, 43, 151
List the prime factors of 949487165.
5, 11, 17263403
What are the prime factors of 188594134?
2, 29, 107, 30389
What are the prime factors of 158881931?
13, 347, 35221
What are the prime factors of 4520092678?
2, 2260046339
List the prime factors of 966972383.
13, 74382491
What are the prime factors of 143604171?
3, 59, 151, 199
List the prime factors of 579009139.
579009139
List the prime factors of 52877543.
52877543
What are the prime factors of 681747600?
2, 3, 5, 17, 23, 1453
List the prime factors of 49942199.
49942199
List the prime factors of 1379408336.
2, 419, 205759
What are the prime factors of 47768193?
3, 11, 482507
List the prime factors of 43190821.
397, 108793
What are the prime factors of 79703331?
3, 26567777
What are the prime factors of 185505504?
2, 3, 1303, 1483
What are the prime factors of 30259931?
13, 113, 20599
List the prime factors of 1810696066.
2, 905348033
List the prime factors of 8204376315.
3, 5, 13553, 40357
What are the prime factors of 255481366?
2, 7, 18248669
List the prime factors of 22730335.
5, 433, 10499
What are the prime factors of 2207658958?
2, 43, 151, 170003
List the prime factors of 90926546.
2, 103, 193, 2287
List the prime factors of 5372314471.
71, 75666401
What are the prime factors of 3862090?
2, 5, 467, 827
What are the prime factors of 843264481?
17, 49603793
What are the prime factors of 469971580?
2, 5, 13, 59, 30637
What are the prime factors of 23254853?
23254853
List the prime factors of 517030204.
2, 19, 863, 7883
What are the prime factors of 82890038?
2, 7, 11, 538247
What are the prime factors of 195102543?
3, 1249, 52069
What are the prime factors of 55260849?
3, 7, 2631469
What are the prime factors of 6332348467?
149, 42498983
List the prime factors of 2080861974.
2, 3, 293, 4871
List the prime factors of 876289042.
2, 438144521
What are the prime factors of 1545780155?
5, 41, 7540391
What are the prime factors of 370494023?
5647, 65609
List the prime factors of 31278882.
2, 3, 83, 107, 587
List the prime factors of 2228313221.
5857, 380453
What are the prime factors of 4069109014?
2, 89, 577, 39619
List the prime factors of 80096296.
2, 7, 1430291
What are the prime factors of 231635493?
3, 53, 485609
What are the prime factors of 106288448?
2, 7, 33893
List the prime factors of 251626270.
2, 5, 7, 37, 13879
What are the prime factors of 87747365?
5, 17549473
What are the prime factors of 31709509?
13, 1171, 2083
List the prime factors of 1321646259.
3, 331, 1330963
What are the prime factors of 23966330?
2, 5, 2396633
List the prime factors of 702013245.
3, 5, 23, 139, 14639
What are the prime factors of 25414124?
2, 6353531
What are the prime factors of 674369299?
19, 1868059
List the prime factors of 24434868.
2, 3, 83, 24533
What are the prime factors of 1146161983?
29, 39522827
What are the prime factors of 388585889?
388585889
What are the prime factors of 918659224?
2, 7, 43, 241, 1583
What are the prime factors of 1051145531?
19, 55323449
List the prime factors of 39686255.
5, 7, 1133893
List the prime factors of 605939.
41, 14779
What are the prime factors of 21299436?
2, 3, 17, 1289
List the prime factors of 298545190.
2, 5, 31, 41, 83, 283
List the prime factors of 984395212.
2, 37, 6651319
What are the prime factors of 150876693?
3, 11, 1524007
List the prime factors of 143949399.
3, 11, 31, 223, 631
List the prime factors of 66400342.
2, 43, 772097
What are the prime factors of 44836082?
2, 37, 605893
What are the prime factors of 587820804?
2, 3, 1709, 28663
What are the prime factors of 821631777?
3, 17, 1087, 14821
What are the prime factors of 271191695?
5, 251, 281, 769
What are the prime factors of 48457585?
5, 11, 59, 109, 137
List the prime factors of 5